of 126 and 1197?
63
Calculate the highest common divisor of 325 and 26.
13
Calculate the highest common factor of 588 and 784.
196
What is the greatest common factor of 50 and 15775?
25
What is the highest common divisor of 42 and 51?
3
What is the highest common divisor of 157 and 471?
157
Calculate the highest common factor of 437 and 23.
23
Calculate the greatest common divisor of 368 and 598.
46
What is the greatest common factor of 252 and 828?
36
What is the highest common factor of 248 and 6?
2
What is the greatest common factor of 173 and 18511?
173
What is the highest common factor of 200 and 3000?
200
What is the greatest common divisor of 102 and 2924?
34
What is the greatest common factor of 11 and 53?
1
What is the greatest common factor of 570 and 60?
30
What is the greatest common factor of 1180 and 59?
59
Calculate the greatest common divisor of 115 and 161.
23
What is the highest common factor of 420 and 357?
21
What is the highest common factor of 14 and 1687?
7
Calculate the highest common factor of 3290 and 105.
35
Calculate the highest common factor of 46 and 38.
2
Calculate the highest common divisor of 72 and 64.
8
What is the highest common divisor of 13 and 533?
13
What is the greatest common divisor of 304 and 7828?
76
Calculate the greatest common divisor of 2605 and 5.
5
What is the highest common factor of 400 and 25400?
200
What is the greatest common divisor of 11 and 473?
11
Calculate the greatest common factor of 23 and 6509.
23
Calculate the greatest common factor of 17 and 1853.
17
Calculate the highest common factor of 180 and 72.
36
Calculate the greatest common divisor of 64 and 96.
32
Calculate the greatest common divisor of 530 and 10.
10
Calculate the greatest common factor of 416 and 26.
26
What is the greatest common divisor of 18 and 1062?
18
What is the highest common divisor of 40 and 40?
40
Calculate the highest common divisor of 344 and 72.
8
What is the greatest common divisor of 39 and 312?
39
What is the highest common factor of 215 and 172?
43
Calculate the highest common divisor of 296 and 259.
37
What is the highest common factor of 32 and 608?
32
Calculate the highest common divisor of 33 and 1947.
33
What is the highest common divisor of 640 and 290?
10
What is the highest common factor of 7 and 595?
7
Calculate the greatest common factor of 316 and 79.
79
What is the highest common divisor of 3704 and 8?
8
Calculate the greatest common factor of 99 and 27.
9
Calculate the greatest common divisor of 44 and 22.
22
What is the greatest common divisor of 492 and 123?
123
Calculate the greatest common factor of 30 and 510.
30
Calculate the greatest common divisor of 3562 and 52.
26
Calculate the greatest common divisor of 427 and 1220.
61
What is the highest common divisor of 3 and 13?
1
Calculate the greatest common divisor of 324 and 24.
12
What is the greatest common factor of 24 and 84?
12
What is the highest common divisor of 72 and 408?
24
Calculate the greatest common factor of 40 and 60.
20
What is the greatest common divisor of 1 and 82?
1
Calculate the highest common factor of 145 and 87.
29
Calculate the highest common factor of 58 and 1856.
58
What is the highest common factor of 279 and 992?
31
Calculate the highest common divisor of 2724 and 96.
12
Calculate the highest common divisor of 323 and 17.
17
What is the greatest common factor of 312 and 3600?
24
What is the greatest common factor of 960 and 135?
15
What is the greatest common factor of 213 and 3?
3
What is the greatest common divisor of 864 and 2112?
96
Calculate the greatest common factor of 2884 and 28.
28
Calculate the greatest common factor of 8856 and 432.
216
Calculate the highest common divisor of 150 and 1850.
50
Calculate the highest common factor of 80 and 40.
40
What is the greatest common divisor of 11392 and 512?
128
What is the greatest common divisor of 119 and 629?
17
What is the highest common divisor of 3348 and 4?
4
Calculate the highest common factor of 137 and 13.
1
Calculate the highest common divisor of 273 and 63.
21
Calculate the highest common factor of 9 and 1152.
9
Calculate the highest common divisor of 318 and 6.
6
Calculate the highest common factor of 262 and 2.
2
Calculate the highest common divisor of 408 and 36414.
102
What is the greatest common divisor of 316 and 196?
4
Calculate the greatest common factor of 12493 and 26.
13
Calculate the greatest common divisor of 7038 and 506.
46
Calculate the highest common divisor of 4 and 1676.
4
Calculate the highest common factor of 4 and 52.
4
What is the highest common factor of 594 and 1152?
18
Calculate the highest common factor of 648 and 228.
12
Calculate the highest common factor of 51 and 1632.
51
Calculate the greatest common divisor of 116 and 2233.
29
Calculate the highest common divisor of 414 and 8.
2
What is the greatest common divisor of 52 and 442?
26
Calculate the highest common divisor of 1176 and 7203.
147
What is the highest common factor of 295 and 59?
59
Calculate the highest common factor of 73796 and 152.
76
What is the greatest common factor of 3094 and 273?
91
Calculate the highest common factor of 45 and 24.
3
Calculate the highest common factor of 66 and 96.
6
What is the greatest common divisor of 79990 and 190?
190
Calculate the highest common factor of 625 and 10.
5
Calculate the highest common factor of 42 and 24122.
14
Calculate the highest common divisor of 880 and 462.
22
Calculate the highest common divisor of 24 and 8.
8
What is the highest common divisor of 217 and 775?
31
What is the highest common factor of 65 and 25?
5
Calculate the greatest common divisor of 432 and 480.
48
What is the highest common divisor of 62 and 2?
2
Calculate the highest common divisor of 90 and 24600.
30
Calculate the highest common factor of 29504 and 128.
64
Calculate the greatest common factor of 9 and 12807.
9
What is the highest common factor of 3392 and 53?
53
Calculate the greatest common divisor of 984 and 82.
82
Calculate the highest common divisor of 11 and 12111.
11
Calculate the highest common divisor of 36 and 22896.
36
What is the highest common divisor of 73 and 4453?
73
What is the highest common divisor of 11 and 11?
11
Calculate the highest common factor of 240 and 456.
24
Calculate the greatest common factor of 810 and 4698.
162
Calculate the greatest common divisor of 6220 and 140.
20
Calculate the highest common factor of 9 and 22.
1
Calculate the greatest common factor of 517 and 141.
47
What is the greatest common factor of 25 and 2?
1
Calculate the greatest common divisor of 175 and 1250.
25
What is the greatest common divisor of 1408 and 192?
64
Calculate the greatest common factor of 2040 and 8.
8
Calculate the highest common factor of 25397 and 109.
109
What is the highest common factor of 45 and 387?
9
What is the highest common divisor of 34 and 986?
34
Calculate the highest common divisor of 949 and 73.
73
Calculate the highest common factor of 1242 and 46.
46
What is the highest common divisor of 2 and 21?
1
What is the greatest common factor of 26 and 39?
13
Calculate the greatest common divisor of 247 and 2782.
13
Calculate the highest common factor of 2120 and 8.
8
What is the greatest common divisor of 1990 and 20?
10
What is the highest common factor of 1060 and 40?
20
What is the highest common divisor of 416 and 1924?
52
What is the highest common factor of 576 and 588?
12
What is the highest common divisor of 303 and 6?
3
Calculate the greatest common divisor of 34 and 170.
34
Calculate the highest common divisor of 24 and 408.
24
Calculate the greatest common factor of 912 and 18544.
304
Calculate the greatest common factor of 1599 and 574.
41
What is the highest common divisor of 1912 and 24?
8
What is the highest common divisor of 17730 and 90?
90
What is the highest common factor of 561 and 165?
33
Calculate the greatest common factor of 2820 and 60.
60
Calculate the greatest common divisor of 1339 and 206.
103
What is the highest common factor of 312 and 208?
104
Calculate the highest common factor of 21 and 29.
1
What is the greatest common divisor of 21 and 10871?
7
Calculate the highest common divisor of 5 and 7.
1
Calculate the highest common factor of 192 and 9024.
192
Ca